{"id":906242,"date":"2025-03-03T18:30:15","date_gmt":"2025-03-03T18:30:15","guid":{"rendered":"https:\/\/www.xn--alpakashop-sterreich-ebc.at\/?post_type=product&#038;p=906242"},"modified":"2025-03-03T18:30:15","modified_gmt":"2025-03-03T18:30:15","slug":"alpaka-unterbett-aus-100-alpaka","status":"publish","type":"product","link":"https:\/\/www.xn--alpakashop-sterreich-ebc.at\/index.php\/produkt\/alpaka-unterbett-aus-100-alpaka\/","title":{"rendered":"Alpaka Unterbett aus 100% Alpaka"},"content":{"rendered":"<p>Das dicke Alpaka Unterbett sorgt f\u00fcr guten Temperatur- und Feuchtigkeitsausgleich und dadurch f\u00fcr ein angenehmes Schlafklima. Die Unterbetten sind luftdurchl\u00e4ssig, bakterienabweisend, selbstreinigend und sch\u00fctzen die Matratze. Je nach Jahreszeit w\u00e4rmend oder k\u00fchlend.<\/p>\n<p><strong>F\u00fcllung:<\/strong><\/p>\n<p>100% Alpakavlies naturbelassen<\/p>\n<p><strong>Inlett:<\/strong><\/p>\n<p>Beidseitig 100% Baumwolle naturbelassen \u2013 ungebleicht und ungef\u00e4rbt<\/p>\n<p><strong>Enthalten:<\/strong><\/p>\n<p>4 Spanngummis zum Fixieren<\/p>\n","protected":false},"excerpt":{"rendered":"<p>Das dicke Alpaka Unterbett sorgt f\u00fcr guten Temperatur- und Feuchtigkeitsausgleich und dadurch f\u00fcr ein angenehmes Schlafklima. Die Unterbetten sind luftdurchl\u00e4ssig, bakterienabweisend, selbstreinigend und sch\u00fctzen die Matratze. Je nach Jahreszeit w\u00e4rmend oder k\u00fchlend. F\u00fcllung: 100% Alpakavlies naturbelassen Inlett: Beidseitig 100% Baumwolle naturbelassen \u2013 ungebleicht und ungef\u00e4rbt Enthalten: 4 Spanngummis zum Fixieren<\/p>\n","protected":false},"featured_media":906253,"comment_status":"open","ping_status":"closed","template":"","meta":[],"product_brand":[],"product_cat":[19],"product_tag":[],"class_list":{"0":"post-906242","1":"product","2":"type-product","3":"status-publish","4":"has-post-thumbnail","6":"product_cat-bettwaren","8":"first","9":"instock","10":"shipping-taxable","11":"purchasable","12":"product-type-variable"},"_links":{"self":[{"href":"https:\/\/www.xn--alpakashop-sterreich-ebc.at\/index.php\/wp-json\/wp\/v2\/product\/906242","targetHints":{"allow":["GET"]}}],"collection":[{"href":"https:\/\/www.xn--alpakashop-sterreich-ebc.at\/index.php\/wp-json\/wp\/v2\/product"}],"about":[{"href":"https:\/\/www.xn--alpakashop-sterreich-ebc.at\/index.php\/wp-json\/wp\/v2\/types\/product"}],"replies":[{"embeddable":true,"href":"https:\/\/www.xn--alpakashop-sterreich-ebc.at\/index.php\/wp-json\/wp\/v2\/comments?post=906242"}],"wp:featuredmedia":[{"embeddable":true,"href":"https:\/\/www.xn--alpakashop-sterreich-ebc.at\/index.php\/wp-json\/wp\/v2\/media\/906253"}],"wp:attachment":[{"href":"https:\/\/www.xn--alpakashop-sterreich-ebc.at\/index.php\/wp-json\/wp\/v2\/media?parent=906242"}],"wp:term":[{"taxonomy":"product_brand","embeddable":true,"href":"https:\/\/www.xn--alpakashop-sterreich-ebc.at\/index.php\/wp-json\/wp\/v2\/product_brand?post=906242"},{"taxonomy":"product_cat","embeddable":true,"href":"https:\/\/www.xn--alpakashop-sterreich-ebc.at\/index.php\/wp-json\/wp\/v2\/product_cat?post=906242"},{"taxonomy":"product_tag","embeddable":true,"href":"https:\/\/www.xn--alpakashop-sterreich-ebc.at\/index.php\/wp-json\/wp\/v2\/product_tag?post=906242"}],"curies":[{"name":"wp","href":"https:\/\/api.w.org\/{rel}","templated":true}]}}