{"id":906256,"date":"2025-03-03T18:31:31","date_gmt":"2025-03-03T18:31:31","guid":{"rendered":"https:\/\/www.xn--alpakashop-sterreich-ebc.at\/?post_type=product&#038;p=906256"},"modified":"2025-03-03T18:35:11","modified_gmt":"2025-03-03T18:35:11","slug":"alpaka-ganzjahres-wende-unterbett-mit-alpakaflor","status":"publish","type":"product","link":"https:\/\/www.xn--alpakashop-sterreich-ebc.at\/index.php\/produkt\/alpaka-ganzjahres-wende-unterbett-mit-alpakaflor\/","title":{"rendered":"Alpaka Ganzjahres-Wende-Unterbett mit Alpakaflor"},"content":{"rendered":"<p>Eine Seite Alpakaflor, zweite Seite 100% Baumwoll-Inlett.<\/p>\n<p>Wendeunterbett mit Spanngummis, je nach Jahreszeit w\u00e4rmend oder k\u00fchlend.<\/p>\n<p><strong>F\u00fcllung:<\/strong>\u00a0100% Alpakavlies naturbelassen, schonend gewaschen und kardiert.<\/p>\n<p><strong>Oberseite:<\/strong>\u00a0100% Alpakaflor, wollwei\u00df, naturbelassen, schonend gewaschen und kardiert.<\/p>\n<p><strong>Unterseite:<\/strong>\u00a0100% Baumwolle naturbelassen \u2013 ungebleicht und ungef\u00e4rbt.<\/p>\n<p>Individuelle Gr\u00f6\u00dfen k\u00f6nnen gefertigt werden, schreibe uns einfach eine Mail an\u00a0<a href=\"mailto:office@xn--alpakashop-sterreich-ebc.at\">office@alpakashop-\u00f6sterreich.at<\/a><\/p>\n","protected":false},"excerpt":{"rendered":"<p>Eine Seite Alpakaflor, zweite Seite 100% Baumwoll-Inlett. Wendeunterbett mit Spanngummis, je nach Jahreszeit w\u00e4rmend oder k\u00fchlend. F\u00fcllung:\u00a0100% Alpakavlies naturbelassen, schonend gewaschen und kardiert. Oberseite:\u00a0100% Alpakaflor, wollwei\u00df, naturbelassen, schonend gewaschen und kardiert. Unterseite:\u00a0100% Baumwolle naturbelassen \u2013 ungebleicht und ungef\u00e4rbt. Individuelle Gr\u00f6\u00dfen k\u00f6nnen gefertigt werden, schreibe uns einfach eine Mail an\u00a0office@alpakashop-\u00f6sterreich.at<\/p>\n","protected":false},"featured_media":906267,"comment_status":"open","ping_status":"closed","template":"","meta":[],"product_brand":[],"product_cat":[19],"product_tag":[],"class_list":{"0":"post-906256","1":"product","2":"type-product","3":"status-publish","4":"has-post-thumbnail","6":"product_cat-bettwaren","8":"first","9":"instock","10":"shipping-taxable","11":"purchasable","12":"product-type-variable"},"_links":{"self":[{"href":"https:\/\/www.xn--alpakashop-sterreich-ebc.at\/index.php\/wp-json\/wp\/v2\/product\/906256","targetHints":{"allow":["GET"]}}],"collection":[{"href":"https:\/\/www.xn--alpakashop-sterreich-ebc.at\/index.php\/wp-json\/wp\/v2\/product"}],"about":[{"href":"https:\/\/www.xn--alpakashop-sterreich-ebc.at\/index.php\/wp-json\/wp\/v2\/types\/product"}],"replies":[{"embeddable":true,"href":"https:\/\/www.xn--alpakashop-sterreich-ebc.at\/index.php\/wp-json\/wp\/v2\/comments?post=906256"}],"wp:featuredmedia":[{"embeddable":true,"href":"https:\/\/www.xn--alpakashop-sterreich-ebc.at\/index.php\/wp-json\/wp\/v2\/media\/906267"}],"wp:attachment":[{"href":"https:\/\/www.xn--alpakashop-sterreich-ebc.at\/index.php\/wp-json\/wp\/v2\/media?parent=906256"}],"wp:term":[{"taxonomy":"product_brand","embeddable":true,"href":"https:\/\/www.xn--alpakashop-sterreich-ebc.at\/index.php\/wp-json\/wp\/v2\/product_brand?post=906256"},{"taxonomy":"product_cat","embeddable":true,"href":"https:\/\/www.xn--alpakashop-sterreich-ebc.at\/index.php\/wp-json\/wp\/v2\/product_cat?post=906256"},{"taxonomy":"product_tag","embeddable":true,"href":"https:\/\/www.xn--alpakashop-sterreich-ebc.at\/index.php\/wp-json\/wp\/v2\/product_tag?post=906256"}],"curies":[{"name":"wp","href":"https:\/\/api.w.org\/{rel}","templated":true}]}}